16) to base 2
1011100110011100
3292a1 (base 15) to base 9
4473337
27242 (base 16) to base 7
1235261
What is 6844b (base 12) in base 14?
38879
Convert 1545235 (base 12) to base 16.
41f309
Convert a4977a (base 13) to base 14.
7225b9
Convert 11010100101010100100101 (base 2) to base 10.
6968613
What is -10000110000011110101011 (base 2) in base 10?
-4392875
Convert -35066103 (base 7) to base 12.
-10438a6
-5fdd99 (base 16) to base 12
-212b961
-3288021 (base 11) to base 7
-66666240
112400221 (base 5) to base 11
320105
What is 23210031213 (base 4) in base 11?
1790a13
112201012210 (base 3) to base 16
46b21
What is 20022000200001 (base 3) in base 9?
6260601
Convert -2222245 (base 8) to base 5.
-123133310
What is -3662713 (base 9) in base 3?
-10202002210110
-2023351 (base 7) to base 16
-3aea0
Convert -511551023 (base 6) to base 7.
-134355165
-14100022 (base 5) to base 10
-143762
176563 (base 14) to base 8
3111713
30cb8 (base 13) to base 3
11110112011
What is 110493 (base 10) in base 12?
53b39
Convert -23412552 (base 6) to base 12.
-2b4158
-49902 (base 10) to base 2
-1100001011101110
-47713 (base 11) to base 6
-1250130
What is 102002122111212 (base 3) in base 5?
3002213414
466114 (base 7) to base 15
19c37
Convert 10010100101011011 (base 2) to base 8.
224533
-b57c7 (base 14) to base 6
-13215015
What is 100100011000101101 (base 2) in base 8?
443055
Convert -45afe (base 16) to base 13.
-9cbca
-23230202 (base 6) to base 5
-141004404
Convert -2516aa (base 13) to base 4.
-3120332212
Convert 453566 (base 8) to base 12.
74986
-1293a55 (base 12) to base 6
-210450545
What is -323130132 (base 4) in base 15?
-4c226
What is 7667789 (base 10) in base 6?
432203005
-366484 (base 11) to base 15
-b6ac6
What is 262073 (base 10) in base 2?
111111111110111001
-10332324 (base 5) to base 4
-111321302
What is 372b12 (base 12) in base 11?
562784
Convert 7442 (base 15) to base 14.
8d63
223100331 (base 5) to base 16
f11c7
-3c5d0c (base 14) to base 5
-1013400434
What is -2037010 (base 10) in base 5?
-1010141020
164de9d (base 15) to base 10
16196548
Convert 1566c (base 16) to base 7.
513366
Convert 232602 (base 10) to base 9.
384056
What is -453115121 (base 6) in base 11?
-4738119
108864 (base 9) to base 13
23b12
Convert 1c786a (base 13) to base 6.
23355312
What is 11030221 (base 4) in base 2?
101001100101001
What is 5cc721 (base 16) in base 3?
102102220120220
What is -36151660 (base 7) in base 2?
-1100001110101101111110
-97a1 (base 11) to base 13
-5b72
Convert -122680 (base 9) to base 16.
-121cb
Convert -6505643 (base 10) to base 5.
-3131140033
163760 (base 9) to base 7
601053
-3211140442 (base 5) to base 12
-231064a
Convert -2220122102021 (base 3) to base 2.
-101111001111011000011
What is -21754 (base 9) in base 12?
-8457
Convert -66422 (base 11) to base 12.
-47904
What is -7043268 (base 9) in base 16?
-393386
-3519641 (base 13) to base 15
-168a2e8
Convert -1652035 (base 10) to base 15.
-22975a
Convert -7855 (base 10) to base 4.
-1322233
452222 (base 7) to base 3
11001210012
What is -27875 (base 15) in base 16?
-1ef41
3491 (base 14) to base 6
110155
What is 13a72 (base 14) in base 9?
73730
Convert -131320012 (base 4) to base 6.
-2342314
Convert -2066640 (base 7) to base 4.
-331202310
Convert 10111022303 (base 4) to base 9.
2120275
Convert 3073201 (base 8) to base 7.
6641152
554ab (base 14) to base 9
344525
Convert 251113442 (base 6) to base 10.
4815458
726215 (base 8) to base 12
b7411
147936 (base 15) to base 4
3301012320
What is -1001101110101110000101 (base 2) in base 4?
-21232232011
Convert -bc62c (base 13) to base 2.
-1010011011001010011
What is 31020332302 (base 4) in base 11?
1a43028
What is -3e731 (base 15) in base 13?
-704b0
Convert 110000000111101001000111 (base 2) to base 10.
12614215
What is -8d5ebc (base 15) in base 8?
-31606057
What is -65246 (base 10) in base 13?
-2390c
Convert -37432 (base 9) to base 15.
-76ae
What is -11123888 (base 9) in base 6?
-311303212
What is 35ea3 (base 15) in base 10?
172053
What is 14081 (base 12) in base 13?
c823
-3141353 (base 6) to base 10
-153285
What is -221102210002122 (base 3) in base 6?
-1201422542
What is -2148b8 (base 14) in base 7?
-12402021
What is -1b496 (base 12) in base 14?
-10a42
676848 (base 10) to base 12
287840
What is -10587288 (base 9) in base 11?
-2998874
-123433 (base 9) to base 15
-1720c
Convert 1c0795 (base 14) to base 13.
290408
Convert -31467 (base 11) to base 7.
-250363
Convert 43414004 (base 5) to base 15.
757be
Convert -402343 (base 12) to base 11.
-622845
43004525 (base 8) to base 3
122021021001210
-9073a (base 11) to base 7
-1061522
Convert 215104 (base 7) to base 12.
19a47
Convert -101101000111001111001101 (base 2) to base 7.
-202343333
Convert -160b85 (base 13) to base 5.
-114412002
-17486855 (base 9) to base 15
-b8b6e2
Convert -1022121020211 (base 3) to base 16.
-ab151
What is -345108 (base 10) in base 8?
-1242024
Convert -100001000110111100101 (base 2) to base 14.
-20352d
Convert -97ab2a (base 12) to base 3.
-11112010000221
What is -a7970a (base 16) in base 12?
-381800a
What is -82c36 (base 15) in base 13?
-116889
Convert 1043301202 (base 5) to base 9.
4328227
What is 380137 (base 10) in base 2?
1011100110011101001
What is 10100111110010111 (base 2) in base 12?
41873
Convert -21100202212 (base 3) to base 6.
-3034505
Convert -6887651 (base 11) to base 8.
-55745311
-222022221002 (base 3) to base 10
-518267
What is 433123201 (base 6) in base 9?
15450181
Convert 3444111 (base 7) to base 13.
12136b
27025525 (base 8) to base 13
1336507
Convert -260d4 (base 15) to base 10.
-121699
What is -505013 (base 8) in base 2?
-101000101000001011
Convert 6670e (base 15) to base 2.
1001111011111010101
-307414 (base 11) to base 2
-1111000010110101001
Convert -680713 (base 9) to base 14.
-a8653
22355004 (base 6) to base 12
28ba64
What is 1800863 (base 10) in base 7?
21210221
Convert 1212121022212 (base 3) to base 5.
223333203
-304b0 (base 16) to base 6
-4123440
103312211320 (base 4) to base 9
10712014
Convert -120322332 (base 6) to base 4.
-20221031300
What is 471e9 (base 16) in base 5?
33310210
What is -148176 (base 14) in base 7?
-6031606
What is 1594dd (base 15) in base 12?
4241a7
Convert 12121110120 (base 3) to base 6.
2211110
What is e0fb4 (base 16) in base 13?
2635a6
What is -154 (base 12) in base 16?
-d0
Convert -798ca1 (base 13) to base 4.
-22332012323
What is 6822a4 (base 11) in base 7?
12143333
What is -1c9261 (base 13) in base 15?
-e782a
What is -206618 (base 12) in base 14?
-d3672
What is -20011111212211 (base 3) in base 5?
-1314334443
What is -41523 (base 10) in base 5?
-2312043
73810 (base 9) to base 11
33708
What is -303003323 (base 4) in base 12?
-a104b
-1101100001100 (base 3) to base 16
-b3694
2412195 (base 11) to base 8
20024466
-232203022 (base 5) to base 11
-65a579
What is -2211102113 (base 4) in base 2?
-10100101010010010111
3021202033 (base 4) to base 14
176b95
What is 313452320 (base 6) in base 2?
10100111110000000111000
-10443140442 (base 5) to base 13
-25654a7
Convert -3341205 (base 7) to base 6.
-12505550
137bc (base 15) to base 8
172046
What is -58025 (base 10) in base 12?
-296b5
What is -201211140 (base 6) in base 13?
-92b068
Convert 102111022020 (base 3) to base 13.
7bc6c
-1643228 (base 11) to base 10
-2800696
What is 321140322 (base 5) in base 4?
11021131112
-6631929 (base 10) to base 5
-3144210204
Convert 11000011111011010001101 (base 2) to base 7.
105366343
What is -313303132211 (base 4) in base 11?
-82918a5
1000010001010011101110 (base 2) to base 9
4064000
1110022111121 (base 3) to base 14
162020
-401101 (base 9) to base 7
-2004661
101a661 (base 12) to base 8
13424051
100110011010110000110001 (base 2) to base 7
151413530
What is 21b26bc (base 13) in base 9?
21416160
Convert -1908b2 (base 13) to base 6.
-21255531
Convert 30654 (base 7) to base 11.
5731
Convert -2020240021 (base 5) to base 7.
-46414365
-13012033132 (base 5) to base 9
-32544575
What is 55aa43 (base 12) in base 7?
14421201
24106205 (base 7) to base 3
11000112221012
What is 110000111000010010101 (base 2) in base 4?
12013002111
What is -14145104 (base 7) in base 12?
-539292
8d31e (base 15) to base 12
19820b
Convert -27aa1 (base 12) to base 4.
-31131121
What is -1444b6 (base 12) in base 10?
-339402
What is 35faf6 (base 16) in ba